4).
-22
What is the value of -47 + -1 + 916 + -864?
4
What is 1 + -28 - (134 - (204 + -9))?
34
Calculate 14 + (-9 - 50) + 75.
30
What is (28 - 58) + 48 - 64?
-46
18 + -3 + (14 - (-4 + 2) - 6)
25
-38 + (-6 - 2 - 0)
-46
What is (10 - 21) + -23 - -34 - -93?
93
What is the value of -18 + -21 + (-73 - -67)?
-45
-104 + 112 - (-67 + -9 + (17 - 10))
77
66 - 29 - (-2 + 3 - (-41 + 37))
32
Evaluate -12 - ((0 - (-3 + -13)) + -14 - -10).
-24
What is the value of 4 + (12 - 58) + 20?
-22
Calculate (-5 - (-7 - (13 - 17 - -8))) + -17.
-11
Evaluate 19 + (5 - -1) + (8 + -2 - -3).
34
What is 6 + 51 - (-48 + 162)?
-57
11 + 30 + -46 + 23 + -23
-5
Calculate -3 - ((-1790 - -1798) + (-49 - (-1 + 0 + 0))).
37
-3 - (-16 - -8) - (-11 - (2 - (-36 + -2)))
56
What is the value of 17 + (-17 + 4 - -13) - (-2 - -10) - 12?
-3
Evaluate (-2 + 2 - 21) + 13 + -5 + 53.
40
What is -41 + 5 + (-12 - -30) + -1 + 0?
-19
Calculate 1 - (10 + (-10 - (-27 - -15)) - -52).
-63
Calculate 5 - -51 - 1 - (-103 - -106) - -2.
54
-24 - -16 - (4 - (87 + -7 + 0) - -3)
65
What is (1 - 8) + (22 - 11) + 67 + -148?
-77
What is the value of 18 + -4 + 5 + 9 + 8?
36
What is -6 - -9 - (-10 + (5 - (1 - -4)))?
13
What is the value of 379 - 324 - (66 - -3)?
-14
What is (1 - (-7 - 40)) + 8 - (22 + -12)?
46
What is (32 - (-20 + 28)) + 22?
46
What is the value of 9 - ((-4 - 1) + 18 + 14)?
-18
-51 - (23 - (-19 - -20)) - (-26 + 15)
-62
125 + (-35 - 52) - 86
-48
What is the value of -31 + (-3 - -36) + -18?
-16
Evaluate 18 - (17 - (-14 + (7 - -21))).
15
Calculate 11 + -6 + 2 + -8 + 9 - -31.
39
Evaluate (-23 - (32 - 24)) + 3 - -9.
-19
Calculate (45 - (57 - -11)) + 15.
-8
What is the value of (54 - 123) + 99 + -102?
-72
What is (-8 - 0) + (17 - ((5 - -11) + (-56 - -45)))?
4
Calculate -27 + (-130 - -132 - (1 - 6)) - -12.
-8
What is 0 + 10 - (-2 - 0 - 13 - -38)?
-13
What is the value of -24 + 1 + -41 + (-70 - -103)?
-31
What is the value of 7 + -3 + -167 + 162?
-1
Calculate 22 + 2 + 3 + (-13 - -175) + -49.
140
(38 - (46 - 47)) + 0 + -136
-97
What is the value of -15 + (63 - 69 - (26 + 3))?
-50
Evaluate (51 - 78) + 58 + -35.
-4
What is (75 - (-76 + 149)) + (-2 - 100)?
-100
Evaluate -2694 + 2708 + (-13 - -2).
3
Calculate -5 + 59 + (-46 - 37).
-29
Evaluate -99 - (68 + -136) - 44.
-75
40 + -75 - ((-7 - (-3 - 1) - 1) + -3)
-28
Evaluate (-51 + 2 - (-4 + 8)) + (333 - 330).
-50
Evaluate 18 - (-47 + 1 + 59).
5
-12 + (4 + -8 - -5) - (0 + -16) - -23
28
((-17 - (-16 - -8)) + -1 - -21) + -7 - -43
47
-1 + (7 - (-12 - (-20 + 0) - 13)) + -17
-6
-6 - 0 - (-4 - -3) - (19 + (-35 - -16))
-5
Evaluate -11 + 0 + -6 + (-4 - 22 - -72).
29
Calculate -2 + (31 - ((-8 - -10) + 16)).
11
What is -11 - 0 - (-5 + (-16 - 9 - (-148 - -5)))?
-124
Evaluate -31 - -5 - (-13 + (-8 - -12) + 0 + 0).
-17
4 - ((-3 + -6 - 0) + 25 + 88)
-100
Evaluate 96 - 0 - (219 + -247 + 35).
89
What is 54 + -58 - (4 + -1) - 28?
-35
What is the value of (-10 - (-39 + (-9 - -2))) + -4?
32
What is 2 + 73 + 672 + -733?
14
5 - (((7 - 24) + 2 - -11) + -40 - 8)
57
Evaluate -4 + 11 + -4 + -5 + -11 + 7 + -73.
-79
What is the value of -43 + (-24 - -17 - (-13 - 1)) + 4?
-32
Evaluate -64 - ((22 - 118) + 81).
-49
Evaluate -5 + (119 - 110 - (4 - -21 - -5)).
-26
What is (-16 - (-150 - -122)) + (2 - 20)?
-6
Evaluate (10 - 13) + -4 + 2 + (41 - (-20 + -20)).
76
-16 + ((-20 - -2) + 12 - -56)
34
Calculate 16 + 5 - -1 - 5 - (-63 + 22 - -34).
24
-91 + (-9 - (-5 - (0 - -3)) - (-25 - -13))
-80
What is the value of (15 - 0 - (-17 + 22)) + -4 + -41 + 60?
25
What is -51 + 36 + -30 - -61?
16
Evaluate (0 - (-2 - (-50 - 0))) + -22 + 153 + -125.
-42
What is -1 + 4 + -23 + (40 - (61 - 47))?
6
What is the value of 8 - (-1 + -2 + -4 + 19 + (2 - -29))?
-35
9 - (82 + -71 + -55)
53
Evaluate -40 + -6 + 30 + 4 + -39.
-51
Evaluate 38 + 0 + 6 + 3 + -4 + 26 + -21.
48
What is -2 + -6 - (5 + (-33 - -96))?
-76
What is the value of (-2 - -4) + 2 + (-10 + -19 - -22 - 19)?
-22
-2986 + 2949 + (3 - -39 - 5)
0
What is the value of 7 + 0 + 16 + 153 + -148?
28
(-6 - (-9 - -53 - 23)) + (-17 - -1)
-43
What is the value of -4 - -20 - (354 - 347)?
9
Evaluate -3 + 13 - (357 + -325) - -77.
55
Evaluate -1 + 4 + (6 + 3 + -15 - (-50 + 16)).
31
What is (150 - (-32 - -45)) + -57?
80
Evaluate (125 - 185 - -62) + 2 + (4 - 0).
8
Calculate -55 + 58 + 41 + -45.
-1
45 + (28 - (-4 - -28))
49
Evaluate (-8 + -4 + 2 - -2) + 0 + (0 - 4).
-12
What is the value of 11 - (81 - (7 - 17) - (-10 + -8 + 14))?
-84
What is the value of 9 + -3 - (-9 + 21 - 31)?
25
-19 + -1 + (46 + -57 - -30) + -60
-61
Evaluate 3 + 4 + -22 + 61 + -14.
32
(1 - 33) + 1699 + -1692
-25
-1 - 0 - (33 - (72 + (52 - -29)))
119
What is the value of (-69 - -22) + -83 + (35 - -1)?
-94
Evaluate -119 - (-69 - -105) - -155.
0
What is (2 + -8 - -3) + -4 - (3849 - 3780)?
-76
What is -30 + (2 - (6 - (-19 + -2 + 8)))?
-47
Calculate 77 - 93 - (-1 + -16) - (-10 - (-4 + 5)).
12
Calculate 4 + (45 - 114) + 1 + -2 - -11.
-55
Evaluate (26 - (56 + -19 + 5)) + 14.
-2
What is the value of 89 - (9 - (42 + (-10 - 6)) - (1 + -13))?
94
What is 106 + -103 - ((71 - 6) + 0)?
-62
What is 40 + (-3 - 43) - (-43 + 28)?
9
Calculate (50 - (79 - 18)) + (28 - (1 + -1)).
17
Evaluate 1 + 8 - (-282 + 273) - (64 + -3).
-43
Evaluate (-144 - -145) + -4 + (4 - 2) + 7 + 71.
77
Calculate (-2 + -82 + 1 - -3) + (-778 - -764).
-94
Calculate 636 - 585 - (-2 + -2 + 26).
29
(-84 - (38 + 4 - 79)) + 20
-27
What is the value of -61 + 2 + -11 + 14 + (-5 - -16)?
-45
45 - (-9 - (10 - -1))
65
Evaluate -107 + 120 + (-23 - (8 - 10)).
-8
What is -3 + 0 + 23 + -12 + 98 + (-7 - 0)?
99
What is the value of -22 + 94 + -59 + -64?
-51
(-21 - (-42 - 41)) + -18
44
(-1183 - -1168 - (-1 + 0 + 2 + -2)) + -92
-106
Calculate 34 - (71 - 37) - -4.
4
Calculate -5 - (-3 + -1 - ((-30 - -76) + 21)).
66
What is the value of (46 - (44 - 16 - 25)) + -26?
17
138 - (-5 - -28) - 69
46
(42 - (0 + 20)) + 5 + -56
-29
(8 - ((12 - 77) + -4 - -8)) + 5 + -4
70
Evaluate -38 - (-116 - (-10 + -19)).
49
Calculate 0 - (-9 - -8) - (-14 + (-19 - -2)).
32
What is -1 - -12 - (6 + 8 + 3 + -59 - 1)?
54
(-24 - -23) + 32 + -70
-39
Calculate 3 + -2 + (1 - 2) + (84 - 163 - -160).
81
What is -58 + (-33 - -35) + 51?
-5
What is the value of 2 + 3 + -2 - (38 + 2 + -43)?
6
Evaluate (52 - -2 - -4) + 551 + -534.
75
What is (-27 - (11 - -55)) + 57?
-36
Evaluate -23 - (-9 + 39 + -9 + -17).
-27
What is -3 + 9 + -15 + -35?
-44
Calculate -17 + (27 - 14) + -279 + 219.
-64
Calculate -171 + 37 + (75 - 4).
-63
Evaluate -9 + 1 + (25 - 3) + -12 + 18 + -8.
12
Calculate -9 + 62 + -345 + 334.
42
Calculate -125 + 0 + (9 - (0 - -12 - (6 - -5))).
-117
-32 + -35 - (7 - (-6 - 0))
-80
What is -105 + (25 - 26) - -85?
-21
(0 - -31) + (-1 + -1 + 10 + -13 - 0)
26
Calculate 0 + 19 + -603 + 613.
29
What is -5 - ((-43 - -20) + (5 - -81))?
-68
Evaluate -24 + (0 + -3 - -35) - -2.
10
-27 + (77 - ((-4 - 7) + 40))
21
What is -48 + -76 + 112 - -27?
15
What is the value of 2 + -5 + 16 + -5 - (49 - 14)?
-27
Evaluate 4 + 18 + (-28 - (-7 - -8)) + 49.
42
Evaluate -7 + (-1427 - -1446 - (-22 + -1)).
35
Calculate -54 - (2 + 9 + (8 + -7 + 0 - 8)).
-58
What is (-65 + 36 - -16) + 0 - 10?
-23
What is -217 - (-123 - -45) - -78?
-61
Calculate (-11 - (9 - (15 + (0 - 10)))) + -37 + 10.
-42
Evaluate -2 - 0 - -63 - ((-31 - -52) + 23 - 36).
53
(32 - 8) + -23 - (-5 + 8 + -6 + -8)
12
11 + -31 + 17 - -5 - 12
-10
Calculate (80 - 151) + (-19 - -76).
-14
0 + 7 - ((-621 - -671) + (1 - -2 - -5))
-51
What is the value of (1 - 1) + (155 - 118) + 8 + (13 - 10)?
48
Calculate -1 - -39 - (33 + (-89 - (-70 + 25))).
49
Evaluate -63 - -74 - (-7 - -41).
-23
What is the value of 9 + (-2 + -14 - -12) - (-2 - -23)?
-16
(-53 + -1 - 3) + 2 - ((-93 - -41) + 55)
-58
What is (-54712 - -54708) + 1 + 0 + -1 + 2 + 9?
7
-37 + (17 - (63 + -22) - 35)
-96
Evaluate (1 - 136) + (43 - (-51 + 50) - 33).
-124
Calculate -19 - ((-1555 - -1467) + 0 + 1).
68
What is (-2 - (-26 + 99 + 34)) + 13?
-96
What is 26 - 9 - -29 - 124?
-78
What is the value of (4 - 9) + 1 - (-169 + 202)?
-37
Calculate 30 + 36 + -104 + 45 - ((0 - -9) + 1).
-3
-15 + (10 - -35 - -14) + 3
47
What is 42 + 25 + 21 + -46?
42
What is -2 + 16 - (107 - (16 - (15 - 24)))?
-68
Evaluate 14 - (-14 - (8 + 1 + -9 - 7)).
21
What is the value of -19 + 6 + (9 - -24 - 82)?
-62
Calculate (-2 - (3 - 2)) + 4 + (2 - (-1 - 50)).
54
What is 80